81471 and 26055.
1737
Calculate the highest common factor of 29 and 119913579.
29
Calculate the highest common factor of 1440 and 330705.
45
Calculate the greatest common divisor of 321246873 and 7101.
2367
What is the greatest common factor of 7755 and 58328457?
1551
Calculate the highest common factor of 243 and 12438171.
27
Calculate the greatest common divisor of 102292376 and 164.
164
Calculate the greatest common divisor of 3777026 and 2278.
34
Calculate the highest common divisor of 7315287 and 42687.
1581
What is the highest common divisor of 6426700 and 316?
4
What is the highest common divisor of 8437 and 46628231?
767
Calculate the greatest common factor of 4981658 and 10758.
22
What is the greatest common factor of 18473 and 444483?
377
What is the greatest common factor of 9913122 and 56817?
963
What is the greatest common factor of 369 and 83146893?
123
Calculate the greatest common divisor of 18571695 and 345.
345
Calculate the greatest common factor of 435 and 10215685.
145
What is the highest common factor of 116967149 and 6812?
1703
Calculate the highest common factor of 4402104 and 126.
42
Calculate the highest common factor of 28886 and 10829.
13
What is the greatest common factor of 409264070 and 230?
230
Calculate the greatest common factor of 332586 and 9342.
54
Calculate the highest common factor of 8051 and 10857889.
97
What is the highest common divisor of 380 and 8684691?
19
What is the greatest common factor of 3852752 and 1888?
16
What is the greatest common factor of 126728 and 14688184?
4088
Calculate the highest common divisor of 185490 and 388842.
1374
What is the greatest common divisor of 357 and 31475568?
51
Calculate the highest common factor of 28809172 and 56.
28
What is the highest common factor of 9 and 84363?
3
What is the highest common divisor of 4496 and 988558?
562
What is the highest common divisor of 158628188 and 304?
76
What is the highest common divisor of 225 and 13372150?
25
What is the greatest common factor of 195062 and 119?
7
What is the highest common factor of 523163 and 62911?
53
What is the highest common divisor of 79693175 and 1514?
757
Calculate the greatest common divisor of 102519244 and 7961.
419
Calculate the highest common divisor of 84849929 and 1.
1
Calculate the highest common divisor of 1139350 and 15850.
50
Calculate the greatest common factor of 10 and 152681030.
10
Calculate the highest common factor of 386472 and 25752.
24
Calculate the greatest common factor of 405 and 28485459.
27
What is the highest common divisor of 3608 and 4821641?
451
What is the greatest common divisor of 99863 and 5291?
37
Calculate the highest common divisor of 145135032 and 392.
56
What is the highest common divisor of 817805643 and 813?
813
What is the greatest common factor of 17824 and 11146684?
2228
What is the greatest common factor of 1705 and 22759115?
155
What is the highest common divisor of 232 and 22111514?
58
What is the highest common divisor of 2544 and 898712944?
848
Calculate the highest common factor of 905707 and 959.
137
What is the highest common divisor of 358534256 and 16?
16
What is the highest common divisor of 26 and 36972390?
26
What is the highest common divisor of 196 and 14557004?
28
What is the greatest common divisor of 20 and 11151815?
5
Calculate the greatest common divisor of 45415 and 509020.
155
What is the highest common factor of 15985 and 651215?
695
What is the greatest common factor of 2644326 and 131220?
486
What is the highest common divisor of 24949 and 2208191?
409
Calculate the greatest common divisor of 46 and 22496306.
2
What is the highest common divisor of 847 and 97314?
7
What is the greatest common divisor of 266040 and 34360?
40
Calculate the highest common factor of 795422 and 137822.
274
What is the highest common divisor of 319560773 and 203?
203
Calculate the greatest common divisor of 3114638 and 3403094.
3434
Calculate the highest common divisor of 246193297 and 1993.
1993
Calculate the highest common divisor of 145000 and 266560750.
7250
What is the highest common divisor of 113162 and 46409846?
1918
What is the greatest common factor of 194 and 52025271?
97
What is the highest common divisor of 171163091 and 16214?
8107
What is the highest common factor of 48461 and 46550?
49
Calculate the greatest common divisor of 4320 and 48030624.
864
Calculate the greatest common divisor of 8900 and 5958275.
25
What is the greatest common divisor of 3000798 and 549?
9
Calculate the greatest common factor of 59160 and 2547960.
2040
Calculate the greatest common factor of 11369200 and 11475.
25
What is the greatest common factor of 19848 and 573936?
24
Calculate the highest common divisor of 179339 and 4182961.
4847
Calculate the highest common factor of 7174956 and 799452.
5028
What is the highest common divisor of 12600 and 1304856?
504
Calculate the highest common factor of 705 and 1158658805.
235
Calculate the highest common factor of 18 and 18017739.
9
Calculate the highest common divisor of 300 and 756120.
60
What is the highest common factor of 6612 and 35167024?
2204
Calculate the greatest common divisor of 107075510 and 130.
10
What is the highest common divisor of 33498 and 1410?
6
Calculate the greatest common factor of 295194 and 42.
6
Calculate the greatest common divisor of 14942957 and 134432.
4201
Calculate the greatest common divisor of 104 and 7652872.
8
What is the highest common factor of 86790 and 21465534?
1578
Calculate the highest common factor of 2273399510 and 740.
370
Calculate the greatest common divisor of 26119665 and 3630.
1815
Calculate the greatest common factor of 124769942 and 22.
22
What is the highest common factor of 1457609 and 66607?
1549
Calculate the greatest common factor of 46546 and 216886.
34
What is the greatest common divisor of 336857972 and 54692?
4972
What is the highest common factor of 29053782 and 12852?
918
Calculate the greatest common factor of 4143448 and 8.
8
Calculate the greatest common divisor of 48 and 17483390.
2
What is the greatest common factor of 108669 and 470217?
33
Calculate the greatest common divisor of 155034 and 8004.
174
What is the highest common factor of 36242250 and 3036?
1518
What is the highest common divisor of 1383 and 310326299?
461
What is the highest common factor of 1369481 and 25789?
37
What is the greatest common factor of 510572 and 44?
4
Calculate the greatest common factor of 488972 and 572.
44
What is the highest common factor of 108 and 472404?
12
What is the highest common factor of 177094826 and 69238?
5326
What is the greatest common divisor of 35574466 and 139406?
3242
Calculate the greatest common factor of 24 and 1727490.
6
What is the highest common factor of 24149587 and 517?
517
Calculate the greatest common divisor of 3069997 and 294.
49
Calculate the greatest common factor of 5566 and 1196782.
46
What is the greatest common divisor of 2681444 and 1734?
34
Calculate the greatest common divisor of 854995314 and 236.
118
What is the highest common factor of 33048 and 913194?
486
What is the highest common factor of 25515 and 51065?
35
What is the greatest common factor of 3530994 and 8148?
582
What is the greatest common divisor of 11 and 95869851?
11
Calculate the highest common factor of 4578879 and 86139.
1689
What is the greatest common divisor of 47731 and 88118707?
809
Calculate the greatest common factor of 1103266 and 221482.
74
What is the highest common factor of 575 and 30665?
5
Calculate the highest common divisor of 4970 and 686950915.
2485
Calculate the highest common factor of 9129 and 324718530.
9129
Calculate the highest common factor of 19801987 and 1382.
691
Calculate the highest common divisor of 99904 and 170372.
892
What is the highest common factor of 2091819504 and 96?
48
Calculate the highest common factor of 162 and 153856827.
81
Calculate the highest common factor of 24174 and 2543642.
2686
Calculate the greatest common factor of 14 and 246843919.
7
Calculate the greatest common factor of 2259625 and 125.
125
Calculate the highest common factor of 42236023 and 6332.
1583
What is the greatest common factor of 75629702 and 2516?
1258
What is the greatest common factor of 65133 and 4041?
9
Calculate the greatest co